{"id":49,"date":"2015-02-01T14:17:42","date_gmt":"2015-02-01T14:17:42","guid":{"rendered":"http:\/\/www.sozialgeschichte-medizin.org\/wp_verein\/?page_id=49"},"modified":"2015-02-22T16:41:49","modified_gmt":"2015-02-22T16:41:49","slug":"2010-2","status":"publish","type":"page","link":"https:\/\/www.sozialgeschichte-medizin.org\/wp_verein\/?page_id=49","title":{"rendered":"2010"},"content":{"rendered":"<p><a name=top href=#anfang><\/a><br \/>\n<a name=anfang href=#cfp>Cfp<\/a><br \/>\n<a name=anfang href=#programm>Programm<\/a><br \/>\n<a name=cfp href=#anfang><\/a><\/p>\n<h3>CfP<\/h3>\n<div id=\"hfn-item-titlehead\">\n<div class=\"hfn-item-title\">\n<div class=\"hfn-item-metarow\">\n<h5>Medizin und Psychiatrie im 20. Jahrhundert in \u00d6sterreich<\/h5>\n<p>Jahrestagung 2010 des Vereins f\u00fcr Sozialgeschichte der Medizin \u2013 Geschichte(n) von Gesundheit und Krankheit<\/p>\n<p><strong>Veranstalter: <\/strong>Verein f\u00fcr Sozialgeschichte der Medizin in Kooperation mit dem Institut f\u00fcr Geschichtswissenschaften und Europ\u00e4ische Ethnologie (Elisabeth Dietrich-Daum), dem Institut f\u00fcr Zeitgeschichte der Universit\u00e4t Innsbruck (Wolfgang Weber), der Psychiatrischen Abteilungen des LKH Rankweil (Albert Lingg), dem Arbeitskreis f\u00fcr Vorsorge- und Sozialmedizin (G\u00fcnter Diem) und dem Stadtarchiv Dornbirn (Werner Matt)<\/p>\n<p><strong>Datum\/Ort: <\/strong>10.\u201312. Juni 2010 in Dornbirn (Stadtarchiv)<\/p>\n<p><strong>Deadline: <\/strong>31. M\u00e4rz 2010<\/p>\n<p>Auch 2010 wird der \u00f6sterreichische Verein f\u00fcr Sozialgeschichte der Medizin eine Jahrestagung veranstalten, diesmal in Zusammenarbeit mit den genannten Kooperationspartnern in West\u00f6sterreich.<\/p>\n<\/div>\n<div class=\"hfn-item-metarow\"><\/div>\n<div class=\"hfn-item-metarow\">Die Tagung soll es allen an der Geschichte der Medizin, insbesondere der Psychiatrie Interessierten und den aktiv hierzu Forschenden erm\u00f6glichen, ihre Forschungsergebnisse und Projekte zu Fragen der \u00f6sterreichischen Medizin- bzw. Psychiatriegeschichte zu pr\u00e4sentieren und zu diskutieren, wobei diesmal das 20. Jahrhundert im Zentrum der Tagung stehen wird.<\/div>\n<div class=\"hfn-item-metarow\"><\/div>\n<div class=\"hfn-item-metarow\">Aus diesem Grund m\u00f6chten wir Interessierte aus allen Wissenschaftsbereichen, die zu diesen Themenfeldern arbeiten, zur Einsendung von Beitragsvorschl\u00e4gen sowie zur Teilnahme an der Tagung \u201eGeschichte(n) von Gesundheit und Krankheit:<br \/>\nMedizin und Psychiatrie im 20. Jahrhundert in \u00d6sterreich\u201c<br \/>\nam 10.\u201312. Juni 2010 in Dornbirn (Vorarlberg) einladen.<\/div>\n<div class=\"hfn-item-metarow\"><\/div>\n<div class=\"hfn-item-metarow\">Grunds\u00e4tzlich sind wir an einer breiten methodischen Herangehensweise interessiert. Insbesondere laden wir NachwuchswissenschafterInnen ein, sich mit einem Abstract im Umfang von einer Seite bis 31. 03. 2010 zu bewerben, bevorzugt per email an: Elisabeth.Dietrich@uibk.ac.at<\/div>\n<div class=\"hfn-item-metarow\"><\/div>\n<div class=\"hfn-item-metarow\">Selbstverst\u00e4ndlich sind auch KollegInnen, die keinen eigenen Vortrag halten m\u00f6chten, zur Teilnahme herzlich eingeladen. Wir ersuchen auch um Weitergabe dieser Informationen an Interessierte. Tagungssprachen: Deutsch, Englisch<\/div>\n<div class=\"hfn-item-metarow\"><\/div>\n<div class=\"hfn-item-metarow\">Wir m\u00fcssen leider darauf hinweisen, dass \u00fcber die \u00dcbernahme von Anreise- bzw. Aufenthaltskosten noch keine definitiven Zusagen gemacht werden k\u00f6nnen. Die Tagungsleitung ist aber bem\u00fcht, f\u00fcr NachwuchswissenschafterInnen einen Kostenersatz zu erm\u00f6glichen.<\/div>\n<div class=\"hfn-item-metarow\"><\/div>\n<div class=\"hfn-item-metarow\">Die Aussendung des Tagungsprogramms erfolgt Anfang April 2010.<br \/>\nF\u00fcr den Verein f\u00fcr Sozialgeschichte der Medizin:<br \/>\nCarlos Watzka, Pr\u00e4sident, Elisabeth Dietrich-Daum, Vize-Pr\u00e4sidentin<\/div>\n<\/div>\n<\/div>\n<a name=anfang href=#top>zum Anfang<\/a>\n<a name=programm href=#anfang><\/a>\n<h3>Programm<\/h3>\n<p><a href=\"https:\/\/www.sozialgeschichte-medizin.org\/wp_verein\/wp-content\/uploads\/2015\/02\/2010FlyerJahrestagung.pdf\">2010FlyerJahrestagung<\/a><br \/>\n<a name=anfang href=#top>zum Anfang<\/a><\/p>\n","protected":false},"excerpt":{"rendered":"<p>CfP Medizin und Psychiatrie im 20. Jahrhundert in \u00d6sterreich Jahrestagung 2010 des Vereins f\u00fcr Sozialgeschichte der Medizin \u2013 Geschichte(n) von Gesundheit und Krankheit Veranstalter: Verein f\u00fcr Sozialgeschichte der Medizin in Kooperation mit dem Institut f\u00fcr Geschichtswissenschaften und Europ\u00e4ische Ethnologie (Elisabeth Dietrich-Daum), dem Institut f\u00fcr Zeitgeschichte der Universit\u00e4t Innsbruck (Wolfgang Weber), der Psychiatrischen Abteilungen des LKH &hellip; <a href=\"https:\/\/www.sozialgeschichte-medizin.org\/wp_verein\/?page_id=49\" class=\"more-link\"><span class=\"screen-reader-text\">2010<\/span> weiterlesen <span class=\"meta-nav\">&rarr;<\/span><\/a><\/p>\n","protected":false},"author":1,"featured_media":0,"parent":8,"menu_order":105,"comment_status":"closed","ping_status":"closed","template":"","meta":{"footnotes":""},"class_list":["post-49","page","type-page","status-publish","hentry"],"_links":{"self":[{"href":"https:\/\/www.sozialgeschichte-medizin.org\/wp_verein\/index.php?rest_route=\/wp\/v2\/pages\/49"}],"collection":[{"href":"https:\/\/www.sozialgeschichte-medizin.org\/wp_verein\/index.php?rest_route=\/wp\/v2\/pages"}],"about":[{"href":"https:\/\/www.sozialgeschichte-medizin.org\/wp_verein\/index.php?rest_route=\/wp\/v2\/types\/page"}],"author":[{"embeddable":true,"href":"https:\/\/www.sozialgeschichte-medizin.org\/wp_verein\/index.php?rest_route=\/wp\/v2\/users\/1"}],"replies":[{"embeddable":true,"href":"https:\/\/www.sozialgeschichte-medizin.org\/wp_verein\/index.php?rest_route=%2Fwp%2Fv2%2Fcomments&post=49"}],"version-history":[{"count":4,"href":"https:\/\/www.sozialgeschichte-medizin.org\/wp_verein\/index.php?rest_route=\/wp\/v2\/pages\/49\/revisions"}],"predecessor-version":[{"id":594,"href":"https:\/\/www.sozialgeschichte-medizin.org\/wp_verein\/index.php?rest_route=\/wp\/v2\/pages\/49\/revisions\/594"}],"up":[{"embeddable":true,"href":"https:\/\/www.sozialgeschichte-medizin.org\/wp_verein\/index.php?rest_route=\/wp\/v2\/pages\/8"}],"wp:attachment":[{"href":"https:\/\/www.sozialgeschichte-medizin.org\/wp_verein\/index.php?rest_route=%2Fwp%2Fv2%2Fmedia&parent=49"}],"curies":[{"name":"wp","href":"https:\/\/api.w.org\/{rel}","templated":true}]}}

<p><a name=top href=#anfang></a><br />
<a name=anfang href=#cfp>Cfp</a><br />
<a name=anfang href=#programm>Programm</a><br />
<a name=cfp href=#anfang></a></p>
<h3>CfP</h3>
<div id="hfn-item-titlehead">
<div class="hfn-item-title">
<div class="hfn-item-metarow">
<h5>Medizin und Psychiatrie im 20. Jahrhundert in Österreich</h5>
<p>Jahrestagung 2010 des Vereins für Sozialgeschichte der Medizin – Geschichte(n) von Gesundheit und Krankheit</p>
<p><strong>Veranstalter: </strong>Verein für Sozialgeschichte der Medizin in Kooperation mit dem Institut für Geschichtswissenschaften und Europäische Ethnologie (Elisabeth Dietrich-Daum), dem Institut für Zeitgeschichte der Universität Innsbruck (Wolfgang Weber), der Psychiatrischen Abteilungen des LKH Rankweil (Albert Lingg), dem Arbeitskreis für Vorsorge- und Sozialmedizin (Günter Diem) und dem Stadtarchiv Dornbirn (Werner Matt)</p>
<p><strong>Datum/Ort: </strong>10.–12. Juni 2010 in Dornbirn (Stadtarchiv)</p>
<p><strong>Deadline: </strong>31. März 2010</p>
<p>Auch 2010 wird der österreichische Verein für Sozialgeschichte der Medizin eine Jahrestagung veranstalten, diesmal in Zusammenarbeit mit den genannten Kooperationspartnern in Westösterreich.</p>
</div>
<div class="hfn-item-metarow"></div>
<div class="hfn-item-metarow">Die Tagung soll es allen an der Geschichte der Medizin, insbesondere der Psychiatrie Interessierten und den aktiv hierzu Forschenden ermöglichen, ihre Forschungsergebnisse und Projekte zu Fragen der österreichischen Medizin- bzw. Psychiatriegeschichte zu präsentieren und zu diskutieren, wobei diesmal das 20. Jahrhundert im Zentrum der Tagung stehen wird.</div>
<div class="hfn-item-metarow"></div>
<div class="hfn-item-metarow">Aus diesem Grund möchten wir Interessierte aus allen Wissenschaftsbereichen, die zu diesen Themenfeldern arbeiten, zur Einsendung von Beitragsvorschlägen sowie zur Teilnahme an der Tagung „Geschichte(n) von Gesundheit und Krankheit:<br />
Medizin und Psychiatrie im 20. Jahrhundert in Österreich“<br />
am 10.–12. Juni 2010 in Dornbirn (Vorarlberg) einladen.</div>
<div class="hfn-item-metarow"></div>
<div class="hfn-item-metarow">Grundsätzlich sind wir an einer breiten methodischen Herangehensweise interessiert. Insbesondere laden wir NachwuchswissenschafterInnen ein, sich mit einem Abstract im Umfang von einer Seite bis 31. 03. 2010 zu bewerben, bevorzugt per email an: Elisabeth.Dietrich@uibk.ac.at</div>
<div class="hfn-item-metarow"></div>
<div class="hfn-item-metarow">Selbstverständlich sind auch KollegInnen, die keinen eigenen Vortrag halten möchten, zur Teilnahme herzlich eingeladen. Wir ersuchen auch um Weitergabe dieser Informationen an Interessierte. Tagungssprachen: Deutsch, Englisch</div>
<div class="hfn-item-metarow"></div>
<div class="hfn-item-metarow">Wir müssen leider darauf hinweisen, dass über die Übernahme von Anreise- bzw. Aufenthaltskosten noch keine definitiven Zusagen gemacht werden können. Die Tagungsleitung ist aber bemüht, für NachwuchswissenschafterInnen einen Kostenersatz zu ermöglichen.</div>
<div class="hfn-item-metarow"></div>
<div class="hfn-item-metarow">Die Aussendung des Tagungsprogramms erfolgt Anfang April 2010.<br />
Für den Verein für Sozialgeschichte der Medizin:<br />
Carlos Watzka, Präsident, Elisabeth Dietrich-Daum, Vize-Präsidentin</div>
</div>
</div>
<a name=anfang href=#top>zum Anfang</a>
<a name=programm href=#anfang></a>
<h3>Programm</h3>
<p><a href="https://www.sozialgeschichte-medizin.org/wp_verein/wp-content/uploads/2015/02/2010FlyerJahrestagung.pdf">2010FlyerJahrestagung</a><br />
<a name=anfang href=#top>zum Anfang</a></p>

<p>CfP Medizin und Psychiatrie im 20. Jahrhundert in Österreich Jahrestagung 2010 des Vereins für Sozialgeschichte der Medizin – Geschichte(n) von Gesundheit und Krankheit Veranstalter: Verein für Sozialgeschichte der Medizin in Kooperation mit dem Institut für Geschichtswissenschaften und Europäische Ethnologie (Elisabeth Dietrich-Daum), dem Institut für Zeitgeschichte der Universität Innsbruck (Wolfgang Weber), der Psychiatrischen Abteilungen des LKH &hellip; <a href="https://www.sozialgeschichte-medizin.org/wp_verein/?page_id=49" class="more-link"><span class="screen-reader-text">2010</span> weiterlesen <span class="meta-nav">&rarr;</span></a></p>
