{"id":57,"date":"2015-02-01T14:21:10","date_gmt":"2015-02-01T14:21:10","guid":{"rendered":"http:\/\/www.sozialgeschichte-medizin.org\/wp_verein\/?page_id=57"},"modified":"2024-06-21T08:24:26","modified_gmt":"2024-06-21T08:24:26","slug":"virus","status":"publish","type":"page","link":"https:\/\/www.sozialgeschichte-medizin.org\/wp_verein\/?page_id=57","title":{"rendered":"VIRUS"},"content":{"rendered":"<p>Die peer-reviewte Zeitschrift <strong>\u201eVirus \u2013 Beitr\u00e4ge zur Sozialgeschichte der Medizin\u201c<\/strong> ist das Publikationsorgan des Vereins f\u00fcr Sozialgeschichte der Medizin und erscheint <strong>einmal j\u00e4hrlich<\/strong>.<\/p>\n<p>Sie versammelt wissenschaftliche Beitr\u00e4ge <strong>verschiedener Disziplinen<\/strong>, die sich mit Themen aus den Bereichen Medizin, Gesundheit und Krankheit in historischer, kultur- und\/oder sozialwissenschaftlicher Perspektive empirisch auseinandersetzen. Weitergehende Einschr\u00e4nkungen f\u00fcr Beitragsvorschl\u00e4ge in thematischer oder methodischer Hinsicht bestehen nicht.<\/p>\n<p>Der \u201eVirus\u201c publiziert vornehmlich Beitr\u00e4ge mit Bezug zur Geschichte der Medizin in <strong>\u00d6sterreich<\/strong>, dessen <strong>Nachbarl\u00e4ndern<\/strong> sowie der ehemaligen Habsburgermonarchie. Vergleichend angelegte Arbeiten k\u00f6nnen aber \u00fcber diesen Rahmen auch hinausgreifen. Hinsichtlich der behandelten <strong>Zeitr\u00e4ume<\/strong> bestehen <strong>keine Eingrenzungen<\/strong>, jedoch stehen Beitr\u00e4ge zur Medizin in der Neuzeit und der Moderne\/Postmoderne im Vordergrund (16.\u201321. Jahrhundert).<\/p>\n<p>Die Zeitschrift ist im <strong><a href=\"https:\/\/kanalregister.hkdir.no\/publiseringskanaler\/erihplus\/periodical\/info.action?id=490792\" target=\"_blank\" rel=\"noopener\">European Reference Index for the Humanities and Social Sciences<\/a><\/strong> (ERIH+) gelistet.<\/p>\n<p>Hier k\u00f6nnen Sie die bisher erschienenen <a href=\"https:\/\/www.austriaca.at\/VIRUS_collection?frames=yes\" target=\"_blank\" rel=\"noopener\"><strong>VIRUS-B\u00e4nde<\/strong> <strong>[Open-Access-Zugang]<\/strong><\/a> einsehen.<\/p>\n<p>Die ver\u00f6ffentlichten Beitr\u00e4ge unterliegen der Creative Commons Attribution 4.0 International Licence <a href=\"https:\/\/creativecommons.org\/licenses\/by\/4.0\/?ref=chooser-v1\" target=\"_blank\" rel=\"noopener\">CC BY 4.0<\/a><\/p>\n<p>Die Autor*innen behalten die Urheberrechte ohne Einschr\u00e4nkung.<\/p>\n<p>&nbsp;<\/p>\n<p>&nbsp;<\/p>\n","protected":false},"excerpt":{"rendered":"<p>Die peer-reviewte Zeitschrift \u201eVirus \u2013 Beitr\u00e4ge zur Sozialgeschichte der Medizin\u201c ist das Publikationsorgan des Vereins f\u00fcr Sozialgeschichte der Medizin und erscheint einmal j\u00e4hrlich. Sie versammelt wissenschaftliche Beitr\u00e4ge verschiedener Disziplinen, die sich mit Themen aus den Bereichen Medizin, Gesundheit und Krankheit in historischer, kultur- und\/oder sozialwissenschaftlicher Perspektive empirisch auseinandersetzen. Weitergehende Einschr\u00e4nkungen f\u00fcr Beitragsvorschl\u00e4ge in thematischer oder &hellip; <a href=\"https:\/\/www.sozialgeschichte-medizin.org\/wp_verein\/?page_id=57\" class=\"more-link\"><span class=\"screen-reader-text\">VIRUS<\/span> weiterlesen <span class=\"meta-nav\">&rarr;<\/span><\/a><\/p>\n","protected":false},"author":1,"featured_media":0,"parent":0,"menu_order":4,"comment_status":"closed","ping_status":"closed","template":"","meta":{"footnotes":""},"class_list":["post-57","page","type-page","status-publish","hentry"],"_links":{"self":[{"href":"https:\/\/www.sozialgeschichte-medizin.org\/wp_verein\/index.php?rest_route=\/wp\/v2\/pages\/57"}],"collection":[{"href":"https:\/\/www.sozialgeschichte-medizin.org\/wp_verein\/index.php?rest_route=\/wp\/v2\/pages"}],"about":[{"href":"https:\/\/www.sozialgeschichte-medizin.org\/wp_verein\/index.php?rest_route=\/wp\/v2\/types\/page"}],"author":[{"embeddable":true,"href":"https:\/\/www.sozialgeschichte-medizin.org\/wp_verein\/index.php?rest_route=\/wp\/v2\/users\/1"}],"replies":[{"embeddable":true,"href":"https:\/\/www.sozialgeschichte-medizin.org\/wp_verein\/index.php?rest_route=%2Fwp%2Fv2%2Fcomments&post=57"}],"version-history":[{"count":15,"href":"https:\/\/www.sozialgeschichte-medizin.org\/wp_verein\/index.php?rest_route=\/wp\/v2\/pages\/57\/revisions"}],"predecessor-version":[{"id":1013,"href":"https:\/\/www.sozialgeschichte-medizin.org\/wp_verein\/index.php?rest_route=\/wp\/v2\/pages\/57\/revisions\/1013"}],"wp:attachment":[{"href":"https:\/\/www.sozialgeschichte-medizin.org\/wp_verein\/index.php?rest_route=%2Fwp%2Fv2%2Fmedia&parent=57"}],"curies":[{"name":"wp","href":"https:\/\/api.w.org\/{rel}","templated":true}]}}