{"id":950,"date":"2024-01-20T13:17:46","date_gmt":"2024-01-20T13:17:46","guid":{"rendered":"http:\/\/www.sozialgeschichte-medizin.org\/wp_verein\/?page_id=950"},"modified":"2024-01-20T13:31:16","modified_gmt":"2024-01-20T13:31:16","slug":"2022-2","status":"publish","type":"page","link":"https:\/\/www.sozialgeschichte-medizin.org\/wp_verein\/?page_id=950","title":{"rendered":"2022"},"content":{"rendered":"<p><a name=top href=#anfang><\/a><br \/>\n<a name=anfang href=#cfp>CfP<\/a><br \/>\n<a name=anfang href=#programm>Programm<\/a><br \/>\n<a name=anfang href=#tagungsbericht>Tagungsbericht<\/a><\/p>\n<a name=cfp href=#anfang><\/a>\n<hr \/>\n<h3 style=\"text-align: center;\">Call for Papers, Jahrestagung 2022<\/h3>\n<h3 style=\"text-align: center;\"><strong>Epidemie und Emotion<br \/>\nGeschichtswissenschaftliche und transdisziplin\u00e4re Perspektiven<br \/>\n<\/strong><\/h3>\n<p>Den deutschsprachigen CfP k\u00f6nnen Sie hier downloaden:<\/p>\n<p><a href=\"https:\/\/www.sozialgeschichte-medizin.org\/wp_verein\/wp-content\/uploads\/2015\/02\/CFP_Epidemie_und_Emotion.pdf\">CFP_Epidemie_und_Emotion<\/a><\/p>\n<p><strong>Ort der Tagung:\u00a0<\/strong>Sigmund Freud PrivatUniversit\u00e4t Linz, Adalbert-Stifter-Platz 2, 4020 Linz<\/p>\n<p><strong>Zeitraum:\u00a0<\/strong>23.-25. Juni 2022<\/p>\n<p><strong>Veranstaltende Organisationen:<\/strong><br \/>\nVerein f\u00fcr Sozialgeschichte der Medizin<br \/>\nInstitut f\u00fcr Geschichtswissenschaften und Europ\u00e4ische Ethnologie der Universit\u00e4t Innsbruck<br \/>\nForschungszentrum Medical Humanities der Universit\u00e4t Innsbruck<br \/>\nDepartment f\u00fcr Psychotherapiewissenschaft, Sigmund Freud PrivatUniversit\u00e4t Linz,<\/p>\n<p><strong>Organisationsteam:<br \/>\n<\/strong>Marcel Chahrour (Linz)<br \/>\nElisabeth Dietrich-Daum (Innsbruck)<br \/>\nMarina Hilber (Innsbruck)<br \/>\nCarlos Watzka (Linz)<\/p>\n<a name=anfang href=#top>zum Anfang<\/a>\n<hr \/>\n<a name=programm href=#anfang><\/a>\n<h3 style=\"text-align: center;\"><strong>Epidemie und Emotion &#8211; geschichtswissenschaftliche und transdisziplin\u00e4re Perspektiven<br \/>\n<\/strong><\/h3>\n<h4 style=\"text-align: center;\">Jahrestagung 2022 des Vereins f\u00fcr Sozialgeschichte der Medizin \u2013 Geschichte(n) von Gesundheit und Krankheit<\/h4>\n<p><strong>Ort der Tagung:\u00a0<\/strong>Sigmund Freud PrivatUniversit\u00e4t Linz, Adalbert-Stifter-Platz 2, 8. Stock 4020 Linz<\/p>\n<p><strong>Zeitraum:\u00a0<\/strong>23.-24. Juni 2022<\/p>\n<p><strong>Veranstaltende Organisationen:<\/strong><br \/>\nVerein f\u00fcr Sozialgeschichte der Medizin<br \/>\nInstitut f\u00fcr Geschichtswissenschaften und Europ\u00e4ische Ethnologie der Universit\u00e4t Innsbruck<br \/>\nForschungszentrum Medical Humanities der Universit\u00e4t Innsbruck<br \/>\nDepartment f\u00fcr Psychotherapiewissenschaft, Sigmund Freud PrivatUniversit\u00e4t Linz<\/p>\n<p><strong>Organisationsteam:<br \/>\n<\/strong>Marcel Chahrour (Linz)<br \/>\nElisabeth Dietrich-Daum (Innsbruck)<br \/>\nMarina Hilber (Innsbruck)<br \/>\nCarlos Watzka (Linz)<\/p>\n<p><strong>Tagungsgeb\u00fchr:\u00a0<\/strong>100 \u20ac<\/p>\n<p><strong>Tagungsanmeldung:<\/strong><br \/>\nManuel Morawek: manuel.morawek@sfu.ac.at<br \/>\nGabriella Kovacs: gabriella.kovacs@sfu.ac.at<br \/>\nTel.: 0732 99 57 99<\/p>\n<p style=\"text-align: center;\">Das Programm der Tagung kann man hier downloaden!<\/p>\n<p style=\"text-align: center;\"><a href=\"https:\/\/www.sozialgeschichte-medizin.org\/wp_verein\/wp-content\/uploads\/2015\/02\/Jahrestagung_2022_Programm.pdf\">Jahrestagung_2022_Programm<\/a><\/p>\n<a name=anfang href=#top>zum Anfang<\/a>\n<hr \/>\n<a name=tagungsbericht href=#anfang><\/a>\n<h3 style=\"text-align: center;\">Tagungsbericht zur Jahrestagung 2022<\/h3>\n<h3 style=\"text-align: center;\"><strong>Epidemie und Emotion &#8211; geschichtswissenschaftliche und transdisziplin\u00e4re Perspektiven<\/strong><\/h3>\n<p>Tagungsbericht von Lisa Maria Hofer, Epidemie und Emotion. Geschichtswissenschaftliche und transdisziplin\u00e4re Perspektiven, In: H-Soz-Kult, 20.09.2022,\u00a0<a href=\"http:\/\/www.hsozkult.de\/conferencereport\/id\/fdkn-129584\">&lt;www.hsozkult.de\/conferencereport\/id\/fdkn-129584&gt;<\/a>.<\/p>\n<a name=anfang href=#top>zum Anfang<\/a>\n","protected":false},"excerpt":{"rendered":"<p>Call for Papers, Jahrestagung 2022 Epidemie und Emotion Geschichtswissenschaftliche und transdisziplin\u00e4re Perspektiven Den deutschsprachigen CfP k\u00f6nnen Sie hier downloaden: CFP_Epidemie_und_Emotion Ort der Tagung:\u00a0Sigmund Freud PrivatUniversit\u00e4t Linz, Adalbert-Stifter-Platz 2, 4020 Linz Zeitraum:\u00a023.-25. Juni 2022 Veranstaltende Organisationen: Verein f\u00fcr Sozialgeschichte der Medizin Institut f\u00fcr Geschichtswissenschaften und Europ\u00e4ische Ethnologie der Universit\u00e4t Innsbruck Forschungszentrum Medical Humanities der Universit\u00e4t Innsbruck &hellip; <a href=\"https:\/\/www.sozialgeschichte-medizin.org\/wp_verein\/?page_id=950\" class=\"more-link\"><span class=\"screen-reader-text\">2022<\/span> weiterlesen <span class=\"meta-nav\">&rarr;<\/span><\/a><\/p>\n","protected":false},"author":1,"featured_media":0,"parent":8,"menu_order":93,"comment_status":"closed","ping_status":"open","template":"","meta":{"footnotes":""},"class_list":["post-950","page","type-page","status-publish","hentry"],"_links":{"self":[{"href":"https:\/\/www.sozialgeschichte-medizin.org\/wp_verein\/index.php?rest_route=\/wp\/v2\/pages\/950"}],"collection":[{"href":"https:\/\/www.sozialgeschichte-medizin.org\/wp_verein\/index.php?rest_route=\/wp\/v2\/pages"}],"about":[{"href":"https:\/\/www.sozialgeschichte-medizin.org\/wp_verein\/index.php?rest_route=\/wp\/v2\/types\/page"}],"author":[{"embeddable":true,"href":"https:\/\/www.sozialgeschichte-medizin.org\/wp_verein\/index.php?rest_route=\/wp\/v2\/users\/1"}],"replies":[{"embeddable":true,"href":"https:\/\/www.sozialgeschichte-medizin.org\/wp_verein\/index.php?rest_route=%2Fwp%2Fv2%2Fcomments&post=950"}],"version-history":[{"count":6,"href":"https:\/\/www.sozialgeschichte-medizin.org\/wp_verein\/index.php?rest_route=\/wp\/v2\/pages\/950\/revisions"}],"predecessor-version":[{"id":962,"href":"https:\/\/www.sozialgeschichte-medizin.org\/wp_verein\/index.php?rest_route=\/wp\/v2\/pages\/950\/revisions\/962"}],"up":[{"embeddable":true,"href":"https:\/\/www.sozialgeschichte-medizin.org\/wp_verein\/index.php?rest_route=\/wp\/v2\/pages\/8"}],"wp:attachment":[{"href":"https:\/\/www.sozialgeschichte-medizin.org\/wp_verein\/index.php?rest_route=%2Fwp%2Fv2%2Fmedia&parent=950"}],"curies":[{"name":"wp","href":"https:\/\/api.w.org\/{rel}","templated":true}]}}